{"id":43,"date":"2024-04-11T08:37:46","date_gmt":"2024-04-11T06:37:46","guid":{"rendered":"https:\/\/senior-home.cz\/tuchlovice\/?page_id=43"},"modified":"2025-01-16T11:21:56","modified_gmt":"2025-01-16T10:21:56","slug":"o-nas","status":"publish","type":"page","link":"https:\/\/senior-home.cz\/tuchlovice\/o-nas\/","title":{"rendered":"O n\u00e1s"},"content":{"rendered":"\n<h2 class=\"wp-block-heading\">O n\u00e1s<\/h2>\n\n\n\n<p>V\u00edtejte na str\u00e1nk\u00e1ch Domova se zvl\u00e1\u0161tn\u00edm re\u017eimem Tuchlovice.<\/p>\n\n\n\n<p>V t\u00e9to sekci se m\u016f\u017eete sezn\u00e1mit s histori\u00ed i sou\u010dasnost\u00ed na\u0161eho za\u0159\u00edzen\u00ed.<\/p>\n\n\n\n<h4 class=\"wp-block-heading\"><strong>Historie<\/strong><\/h4>\n\n\n\n<p>Domov se zvl\u00e1\u0161tn\u00edm re\u017eimem Tuchlovice se nach\u00e1z\u00ed&nbsp;v centru m\u011bste\u010dka Tuchlovice.&nbsp;<br><br>Kapacita za\u0159\u00edzen\u00ed je&nbsp;142 l\u016f\u017eek. Pokoje jsou dvoul\u016f\u017ekov\u00e9 s vlastn\u00edm soci\u00e1ln\u00edm za\u0159\u00edzen\u00edm. K dispozici jsou samoz\u0159ejm\u011b i bezbari\u00e9rov\u00e9 koupelny s ohledem na individu\u00e1ln\u00ed po\u017eadavky klient\u016f.<br><br>N\u00e1\u0161 domov vznikl 1. 4. 2012. Dle z\u00e1kona jsme z\u00edskali registraci na poskytov\u00e1n\u00ed soci\u00e1ln\u00ed slu\u017eby &#8222;Domov se zvl\u00e1\u0161tn\u00edm re\u017eimem&#8220; v srpnu 2012. I p\u0159es kr\u00e1tkou historii na\u0161eho fungov\u00e1n\u00ed jsme si dok\u00e1zali vybudovat dobrou pov\u011bst u okoln\u00edch instituc\u00ed a m\u00edstn\u00edch obyvatel.<\/p>\n\n\n\n<h4 class=\"wp-block-heading\"><strong>Sou\u010dasnost<\/strong><\/h4>\n\n\n\n<p><strong>C\u00edlov\u00e1 skupina:<\/strong><\/p>\n\n\n\n<ul class=\"wp-block-list\">\n<li>Osoby se sta\u0159eckou, Alzheimerovou demenc\u00ed a ostatn\u00edmi typy demenc\u00ed, kter\u00e9 maj\u00ed sn\u00ed\u017eenou sob\u011bsta\u010dnost z d\u016fvodu t\u011bchto onemocn\u011bn\u00ed, jejich\u017e situace vy\u017eaduje pravidelnou pomoc jin\u00e9 fyzick\u00e9 osoby.<\/li>\n\n\n\n<li>Osoby s&nbsp;Parkinsonovou chorobou, kter\u00e9 maj\u00ed sn\u00ed\u017eenou sob\u011bsta\u010dnost z d\u016fvodu t\u011bchto onemocn\u011bn\u00ed, jejich\u017e situace vy\u017eaduje pravidelnou pomoc jin\u00e9 fyzick\u00e9 osoby.<\/li>\n<\/ul>\n\n\n\n<p>Poskytujeme celoro\u010dn\u00ed soci\u00e1ln\u00ed slu\u017ebu pro&nbsp;142 klient\u016f v&nbsp;obci Tuchlovice, okr. Kladno.<\/p>\n\n\n\n<p>V\u00fdhodou na\u0161eho za\u0159\u00edzen\u00ed je, \u017ee umo\u017e\u0148ujeme bydlen\u00ed, stravov\u00e1n\u00ed, zprost\u0159edkov\u00e1n\u00ed l\u00e9ka\u0159sk\u00e9 p\u00e9\u010de, soci\u00e1ln\u00ed slu\u017ebu, individu\u00e1ln\u00ed p\u00e9\u010di a aktivn\u00ed vyu\u017eit\u00ed voln\u00e9ho \u010dasu nejen pro jednotlivce, ale i pro partnersk\u00e9 dvojice.<\/p>\n\n\n\n<p><strong>V\u011bkov\u00e1 skupina:<\/strong><\/p>\n\n\n\n<p>Od 50 let.<\/p>\n\n\n\n<p><strong>Posl\u00e1n\u00ed Domova se zvl\u00e1\u0161tn\u00edm re\u017eimem Tuchlovice:<\/strong><\/p>\n\n\n\n<p>Na\u0161\u00edm posl\u00e1n\u00edm&nbsp;je umo\u017enit senior\u016fm trp\u00edc\u00edm zejm\u00e9na Alzheimerovou nemoc\u00ed, Parkinsonovou chorobou \u010di jin\u00fdm typem sta\u0159eck\u00e9 demence spojen\u00fdmi s poruchami orientace a pam\u011bti, pro\u017e\u00edt d\u016fstojn\u00fd \u017eivot a zajistit nep\u0159etr\u017eitou 24 hodinovou p\u00e9\u010di.<\/p>\n\n\n\n<p>Poskytujeme&nbsp;<strong>z\u00e1kladn\u00ed slu\u017eby&nbsp;<\/strong>(dle z\u00e1kona \u010d. 108\/2006 Sb, \u00a7 50):<\/p>\n\n\n\n<ul class=\"wp-block-list\">\n<li>ubytov\u00e1n\u00ed v dvoul\u016f\u017ekov\u00fdch pokoj\u00edch s&nbsp;vlastn\u00edm soci\u00e1ln\u00edm za\u0159\u00edzen\u00edm<\/li>\n\n\n\n<li>stravov\u00e1n\u00ed odpov\u00eddaj\u00edc\u00ed v\u011bku, z\u00e1sad\u00e1m racion\u00e1ln\u00ed v\u00fd\u017eivy a pot\u0159eb\u00e1m dietn\u00edho stravov\u00e1n\u00ed v rozsahu t\u0159\u00ed hlavn\u00edch j\u00eddel<\/li>\n\n\n\n<li>pran\u00ed, \u017eehlen\u00ed<\/li>\n\n\n\n<li>l\u00e9ka\u0159skou zprost\u0159edkovanou p\u00e9\u010di<\/li>\n\n\n\n<li>pomoc p\u0159i zvl\u00e1d\u00e1n\u00ed b\u011b\u017en\u00fdch \u00fakon\u016f p\u00e9\u010de o vlastn\u00ed osobu<\/li>\n\n\n\n<li>individu\u00e1ln\u00ed a skupinov\u00e9 aktiviza\u010dn\u00ed \u010dinnosti<\/li>\n\n\n\n<li>zprost\u0159edkov\u00e1n\u00ed kontaktu se spole\u010densk\u00fdm prost\u0159ed\u00edm<\/li>\n\n\n\n<li>fakultativn\u00ed slu\u017eby \u2013 kade\u0159n\u00edk, holi\u010d, pedik\u00fara, n\u00e1kupy do bl\u00edzk\u00e9ho okol\u00ed apod.<\/li>\n<\/ul>\n\n\n\n<p><strong>Zvl\u00e1\u0161tnosti p\u00e9\u010de o klienty v Domov\u011b se zvl\u00e1\u0161tn\u00edm re\u017eimem Tuchlovice:<\/strong><\/p>\n\n\n\n<ul class=\"wp-block-list\">\n<li><strong>p\u00e9\u010de je p\u0159izp\u016fsobena individu\u00e1ln\u00edm specifick\u00fdm pot\u0159eb\u00e1m klient\u016fm v&nbsp;jednotliv\u00fdch st\u00e1di\u00edch demence<\/strong><\/li>\n\n\n\n<li><strong>zaji\u0161t\u011bn\u00ed p\u0159im\u011b\u0159en\u00e9 v\u00fd\u017eivy, sn\u00ed\u017een\u00ed rizika podv\u00fd\u017eivy&nbsp;<\/strong>je prov\u00e1d\u011bno pravideln\u00fdm mapov\u00e1n\u00edm p\u0159ijmu stravy a tekutin. Strava se dle pot\u0159eby dopl\u0148uje v\u00fd\u017eivov\u00fdmi dopl\u0148ky a zahu\u0161\u0165uje do pot\u0159ebn\u00e9 konzistence<\/li>\n\n\n\n<li><strong>tr\u00e9nink kognitivn\u00edch funkc\u00ed &#8211; pam\u011bti, orientace &#8211;&nbsp;<\/strong>denn\u011b jsou prov\u00e1d\u011bny skupinov\u00e9 aktivity k&nbsp;udr\u017een\u00ed co nejvy\u0161\u0161\u00ed mo\u017en\u00e9 m\u00edry kognitivn\u00edch funkc\u00ed.<\/li>\n\n\n\n<li><strong>individu\u00e1ln\u00ed podpora klient\u016f, aby \u017eili co nejsamostatn\u011bj\u0161\u00edm zp\u016fsobem \u017eivota v&nbsp;r\u00e1mci sv\u00fdch schopnost\u00ed, podpora p\u0159i organizaci aktivit dne &#8211;&nbsp;<\/strong>odpov\u00edd\u00e1 kl\u00ed\u010dov\u00fd pracovn\u00edk, s&nbsp;klientem p\u00e9\u010di individu\u00e1ln\u011b napl\u00e1nuje a vyhodnocuje.<\/li>\n\n\n\n<li><strong>dohled nad dodr\u017eov\u00e1n\u00edm l\u00e9\u010debn\u00e9ho re\u017eimu<\/strong>&#8211; zejm\u00e9na bran\u00ed l\u00e9k\u016f, dostatek sp\u00e1nku, odpo\u010dinku&nbsp;&nbsp;&nbsp;&nbsp;&nbsp;&nbsp;&nbsp;&nbsp;&nbsp;<\/li>\n<\/ul>\n\n\n\n<p><strong>C\u00edl poskytovan\u00e9 slu\u017eby:<\/strong><\/p>\n\n\n\n<ul class=\"wp-block-list\">\n<li>Umo\u017enit klient\u016fm pro\u017e\u00edt aktivn\u00ed a d\u016fstojn\u00e9 st\u00e1\u0159\u00ed za podpory kvalifikovan\u00e9ho a motivovan\u00e9ho person\u00e1lu, kter\u00fd m\u00e1 pot\u0159ebn\u00e9 specifick\u00e9 dovednosti a ovl\u00e1d\u00e1 techniky pr\u00e1ce pot\u0159ebn\u00e9 se skupinou t\u011bchto klient\u016f<\/li>\n<\/ul>\n\n\n\n<p><strong>Z\u00e1sady poskytov\u00e1n\u00ed slu\u017eby:<\/strong><\/p>\n\n\n\n<ul class=\"wp-block-list\">\n<li>partnersk\u00fd vztah \u2013 respektov\u00e1n\u00ed postoj\u016f a n\u00e1zor\u016f klient\u016f<\/li>\n\n\n\n<li>mo\u017enost volby<\/li>\n\n\n\n<li>dodr\u017eov\u00e1n\u00ed pr\u00e1v klient\u016f<\/li>\n\n\n\n<li>individu\u00e1ln\u00ed p\u0159\u00edstup, budov\u00e1n\u00ed nez\u00e1vislosti na slu\u017eb\u011b<\/li>\n\n\n\n<li>t\u00fdmov\u00e1 spolupr\u00e1ce<\/li>\n\n\n\n<li>bezpe\u010dnost poskytovan\u00e9 slu\u017eby<\/li>\n\n\n\n<li>odbornost (celo\u017eivotn\u00ed vzd\u011bl\u00e1v\u00e1n\u00ed)<\/li>\n<\/ul>\n\n\n\n<p><strong>Negativn\u00ed vymezen\u00ed c\u00edlov\u00e9 skupiny (viz. Standard \u010d\u00edslo 3):<\/strong><\/p>\n\n\n\n<ul class=\"wp-block-list\">\n<li>senio\u0159i odk\u00e1zan\u00ed na speci\u00e1ln\u00ed prost\u0159edky komunikace, kter\u00e9 person\u00e1l neovl\u00e1d\u00e1 (znakov\u00e1 \u0159e\u010d, Braillovo p\u00edsmo)<\/li>\n\n\n\n<li>senior s&nbsp;vrozen\u00fdm ment\u00e1ln\u00edm posti\u017een\u00edm<\/li>\n\n\n\n<li>senio\u0159i z\u00e1visl\u00ed na alkoholu, na drog\u00e1ch a jin\u00fdch n\u00e1vykov\u00fdch l\u00e1tk\u00e1ch<\/li>\n\n\n\n<li>senio\u0159i trp\u00edc\u00ed infek\u010dn\u00edm onemocn\u011bn\u00edm<\/li>\n\n\n\n<li>senio\u0159i, kte\u0159\u00ed pot\u0159ebuj\u00ed trvalou l\u00e9ka\u0159skou p\u00e9\u010di<\/li>\n\n\n\n<li>senio\u0159i s psychickou poruchou, vy\u017eaduj\u00edc\u00ed speci\u00e1ln\u00ed p\u00e9\u010di, vylu\u010duj\u00edc\u00ed pobyt v&nbsp;kolektivn\u00edm za\u0159\u00edzen\u00ed<\/li>\n<\/ul>\n\n\n\n<p><strong>D\u016fvody odm\u00edtnut\u00ed z\u00e1jemce:<\/strong><\/p>\n\n\n\n<ul class=\"wp-block-list\">\n<li>pln\u00e9ho obsazen\u00ed DZR<\/li>\n\n\n\n<li>neposkytujeme slu\u017ebu, kterou klient \u017e\u00e1d\u00e1<\/li>\n\n\n\n<li>zdravotn\u00ed stav osoby, kter\u00fd vylu\u010duje poskytnut\u00ed slu\u017eby (nap\u0159. nutn\u00e1 zdravotn\u00ed p\u00e9\u010de 24hodin)<\/li>\n<\/ul>\n","protected":false},"excerpt":{"rendered":"<p>O n\u00e1s V\u00edtejte na str\u00e1nk\u00e1ch Domova se zvl\u00e1\u0161tn\u00edm re\u017eimem Tuchlovice. V t\u00e9to sekci se m\u016f\u017eete sezn\u00e1mit s histori\u00ed i sou\u010dasnost\u00ed na\u0161eho za\u0159\u00edzen\u00ed. Historie Domov se zvl\u00e1\u0161tn\u00edm re\u017eimem Tuchlovice se nach\u00e1z\u00ed&nbsp;v centru m\u011bste\u010dka Tuchlovice.&nbsp; Kapacita za\u0159\u00edzen\u00ed je&nbsp;142 l\u016f\u017eek. Pokoje jsou dvoul\u016f\u017ekov\u00e9 s vlastn\u00edm soci\u00e1ln\u00edm za\u0159\u00edzen\u00edm. K dispozici jsou samoz\u0159ejm\u011b i bezbari\u00e9rov\u00e9 koupelny s ohledem na individu\u00e1ln\u00ed [&hellip;]<\/p>\n","protected":false},"author":1,"featured_media":0,"parent":0,"menu_order":0,"comment_status":"closed","ping_status":"closed","template":"","meta":{"ngg_post_thumbnail":0,"_mc_calendar":[],"footnotes":""},"class_list":["post-43","page","type-page","status-publish","hentry"],"_links":{"self":[{"href":"https:\/\/senior-home.cz\/tuchlovice\/wp-json\/wp\/v2\/pages\/43","targetHints":{"allow":["GET"]}}],"collection":[{"href":"https:\/\/senior-home.cz\/tuchlovice\/wp-json\/wp\/v2\/pages"}],"about":[{"href":"https:\/\/senior-home.cz\/tuchlovice\/wp-json\/wp\/v2\/types\/page"}],"author":[{"embeddable":true,"href":"https:\/\/senior-home.cz\/tuchlovice\/wp-json\/wp\/v2\/users\/1"}],"replies":[{"embeddable":true,"href":"https:\/\/senior-home.cz\/tuchlovice\/wp-json\/wp\/v2\/comments?post=43"}],"version-history":[{"count":2,"href":"https:\/\/senior-home.cz\/tuchlovice\/wp-json\/wp\/v2\/pages\/43\/revisions"}],"predecessor-version":[{"id":361,"href":"https:\/\/senior-home.cz\/tuchlovice\/wp-json\/wp\/v2\/pages\/43\/revisions\/361"}],"wp:attachment":[{"href":"https:\/\/senior-home.cz\/tuchlovice\/wp-json\/wp\/v2\/media?parent=43"}],"curies":[{"name":"wp","href":"https:\/\/api.w.org\/{rel}","templated":true}]}}