{"id":50,"date":"2024-04-11T08:40:04","date_gmt":"2024-04-11T06:40:04","guid":{"rendered":"https:\/\/senior-home.cz\/tuchlovice\/?page_id=50"},"modified":"2024-04-11T08:49:18","modified_gmt":"2024-04-11T06:49:18","slug":"zamestnani","status":"publish","type":"page","link":"https:\/\/senior-home.cz\/tuchlovice\/zamestnani\/","title":{"rendered":"Zam\u011bstn\u00e1n\u00ed"},"content":{"rendered":"\n<h2 class=\"wp-block-heading\">Zam\u011bstn\u00e1n\u00ed<\/h2>\n\n\n\n<div class=\"wp-block-query is-layout-flow wp-block-query-is-layout-flow\"><ul class=\"wp-block-post-template is-layout-flow wp-block-post-template-is-layout-flow\"><li class=\"wp-block-post post-323 post type-post status-publish format-standard hentry category-zamestnani\">\n<h3 style=\"margin-top:var(--wp--preset--spacing--10);margin-bottom:var(--wp--preset--spacing--10);\" class=\"has-link-color wp-elements-df524317f11b4e65415d24596363e017 wp-block-post-title\"><a href=\"https:\/\/senior-home.cz\/tuchlovice\/323-2\/\" target=\"_self\" >Kucha\u0159\/Kucha\u0159ka &#8211; Tuchlovice &#8211; N\u00e1borov\u00fd p\u0159\u00edsp\u011bvek 200.000 K\u010d<\/a><\/h3>\n\n<div class=\"has-link-color wp-elements-c9f4d7f6b5f7bcaba3e31aa18272e095 wp-block-post-excerpt\"><p class=\"wp-block-post-excerpt__excerpt\">Va\u0159\u00edte r\u00e1di? \ud83d\ude0a Tak tu m\u00e1me pr\u00e1ci p\u0159\u00edmo pro V\u00e1s. Do na\u0161eho domova v&nbsp;Tuchlovic\u00edch hled\u00e1me nov\u00e9 kolegy na pozici KUCHA\u0158\/KUCHA\u0158KA. Vyu\u010den\u00ed v&nbsp;oboru a praxe v\u00fdhodou. Nab\u00edz\u00edme pr\u00e1ci na pracovn\u00ed pom\u011br. Pro v\u00edce informac\u00ed volejte na tel. 773&nbsp;833&nbsp;246 nebo pi\u0161te na prace@senior-home.cz<\/p><p class=\"wp-block-post-excerpt__more-text\"><a class=\"wp-block-post-excerpt__more-link\" href=\"https:\/\/senior-home.cz\/tuchlovice\/323-2\/\">P\u0159e\u010dt\u011bte si v\u00edce<\/a><\/p><\/div>\n\n\n<hr class=\"wp-block-separator has-alpha-channel-opacity is-style-wide\"\/>\n\n<\/li><li class=\"wp-block-post post-319 post type-post status-publish format-standard hentry category-zamestnani\">\n<h3 style=\"margin-top:var(--wp--preset--spacing--10);margin-bottom:var(--wp--preset--spacing--10);\" class=\"has-link-color wp-elements-df524317f11b4e65415d24596363e017 wp-block-post-title\"><a href=\"https:\/\/senior-home.cz\/tuchlovice\/uklizecka-pomocna-kucharka-v-tuchlovicich-brigada-%f0%9f%98%8a\/\" target=\"_self\" >Pomocn\u00e1 kucha\u0159ka\ud83d\ude0a<\/a><\/h3>\n\n<div class=\"has-link-color wp-elements-c9f4d7f6b5f7bcaba3e31aa18272e095 wp-block-post-excerpt\"><p class=\"wp-block-post-excerpt__excerpt\">Do na\u0161eho domova v\u00a0Tuchlovic\u00edch p\u0159ijmeme nov\u00e9 pracovn\u00edky na pozici Pomocn\u00e1 kucha\u0159ka. \ud83d\ude0a Pro v\u00edce informac\u00ed volejte na telefon 773\u00a0833\u00a0246.<\/p><p class=\"wp-block-post-excerpt__more-text\"><a class=\"wp-block-post-excerpt__more-link\" href=\"https:\/\/senior-home.cz\/tuchlovice\/uklizecka-pomocna-kucharka-v-tuchlovicich-brigada-%f0%9f%98%8a\/\">P\u0159e\u010dt\u011bte si v\u00edce<\/a><\/p><\/div>\n\n\n<hr class=\"wp-block-separator has-alpha-channel-opacity is-style-wide\"\/>\n\n<\/li><li class=\"wp-block-post post-105 post type-post status-publish format-standard hentry category-zamestnani\">\n<h3 style=\"margin-top:var(--wp--preset--spacing--10);margin-bottom:var(--wp--preset--spacing--10);\" class=\"has-link-color wp-elements-df524317f11b4e65415d24596363e017 wp-block-post-title\"><a href=\"https:\/\/senior-home.cz\/tuchlovice\/fyzioterapeut\/\" target=\"_self\" >Fyzioterapeut<\/a><\/h3>\n\n<div class=\"has-link-color wp-elements-c9f4d7f6b5f7bcaba3e31aa18272e095 wp-block-post-excerpt\"><p class=\"wp-block-post-excerpt__excerpt\">V&nbsp;na\u0161em domov\u011b se zvl\u00e1\u0161tn\u00edm re\u017eimem poskytujeme senior\u016fm celoro\u010dn\u00ed pobytovou soci\u00e1ln\u00ed slu\u017ebu. Na\u0161i klienti trp\u00ed r\u016fzn\u00fdmi druhy demenc\u00ed, zejm\u00e9na pak Alzheimerovou nemoc\u00ed. R\u00e1di bychom roz\u0161\u00ed\u0159ili na\u0161e slu\u017eby o mo\u017enost vyu\u017eit\u00ed fyzioterapie, abychom mohli na\u0161im klient\u016fm poskytovat co nejlep\u0161\u00ed p\u00e9\u010di. V&nbsp;tuto chv\u00edli hled\u00e1me&nbsp;Fyzioterapeuta\/ku&nbsp;na prov\u00e1d\u011bn\u00ed rehabilita\u010dn\u00ed p\u00e9\u010de a fyzioterapie. O\u010dek\u00e1v\u00e1me vst\u0159\u00edcn\u00fd p\u0159\u00edstup ke&hellip;<\/p><p class=\"wp-block-post-excerpt__more-text\"><a class=\"wp-block-post-excerpt__more-link\" href=\"https:\/\/senior-home.cz\/tuchlovice\/fyzioterapeut\/\">P\u0159e\u010dt\u011bte si v\u00edce<\/a><\/p><\/div>\n\n\n<hr class=\"wp-block-separator has-alpha-channel-opacity is-style-wide\"\/>\n\n<\/li><li class=\"wp-block-post post-103 post type-post status-publish format-standard hentry category-zamestnani\">\n<h3 style=\"margin-top:var(--wp--preset--spacing--10);margin-bottom:var(--wp--preset--spacing--10);\" class=\"has-link-color wp-elements-df524317f11b4e65415d24596363e017 wp-block-post-title\"><a href=\"https:\/\/senior-home.cz\/tuchlovice\/zdravotni-sestra\/\" target=\"_self\" >Zdravotn\u00ed sestra &#8211; N\u00e1borov\u00fd p\u0159\u00edsp\u011bvek 250.000 K\u010d<\/a><\/h3>\n\n<div class=\"has-link-color wp-elements-c9f4d7f6b5f7bcaba3e31aa18272e095 wp-block-post-excerpt\"><p class=\"wp-block-post-excerpt__excerpt\">V&nbsp;na\u0161em domov\u011b se zvl\u00e1\u0161tn\u00edm re\u017eimem poskytujeme senior\u016fm, kte\u0159\u00ed trp\u00ed r\u016fzn\u00fdmi druhy demenc\u00ed, zejm\u00e9na pak Alzheimerovou nemoc\u00ed, celoro\u010dn\u00ed pobytovou soci\u00e1ln\u00ed slu\u017ebu. T\u00fdm na\u0161ich zdravotn\u00edch sester se ka\u017ed\u00fd den sna\u017e\u00ed o zaji\u0161t\u011bn\u00ed co nejlep\u0161\u00ed zdravotn\u00ed p\u00e9\u010de. V&nbsp;tuto chv\u00edli hled\u00e1me pracovn\u00edka na pozici&nbsp;Zdravotn\u00ed sestra (v\u0161eobecn\u00e1\/praktick\u00e1). Na\u0161e zdravotn\u00ed sestry mus\u00ed zvl\u00e1dnout velmi r\u016fznorod\u00e9 \u010dinnosti.&hellip;<\/p><p class=\"wp-block-post-excerpt__more-text\"><a class=\"wp-block-post-excerpt__more-link\" href=\"https:\/\/senior-home.cz\/tuchlovice\/zdravotni-sestra\/\">P\u0159e\u010dt\u011bte si v\u00edce<\/a><\/p><\/div>\n\n\n<hr class=\"wp-block-separator has-alpha-channel-opacity is-style-wide\"\/>\n\n<\/li><li class=\"wp-block-post post-99 post type-post status-publish format-standard hentry category-zamestnani\">\n<h3 style=\"margin-top:var(--wp--preset--spacing--10);margin-bottom:var(--wp--preset--spacing--10);\" class=\"has-link-color wp-elements-df524317f11b4e65415d24596363e017 wp-block-post-title\"><a href=\"https:\/\/senior-home.cz\/tuchlovice\/pracovnik-v-socialnich-sluzbach-pecovatel-pecovatelka\/\" target=\"_self\" >Pracovn\u00edk v\u00a0soci\u00e1ln\u00edch slu\u017eb\u00e1ch (pe\u010dovatel\/pe\u010dovatelka) &#8211; N\u00e1borov\u00fd p\u0159\u00edsp\u011bvek 250.000 K\u010d<\/a><\/h3>\n\n<div class=\"has-link-color wp-elements-c9f4d7f6b5f7bcaba3e31aa18272e095 wp-block-post-excerpt\"><p class=\"wp-block-post-excerpt__excerpt\">V na\u0161em domov\u011b se zvl\u00e1\u0161tn\u00edm re\u017eimem Tuchlovice poskytujeme senior\u016fm, kte\u0159\u00ed trp\u00ed r\u016fzn\u00fdmi druhy demenc\u00ed, zejm\u00e9na pak Alzheimerovou nemoc\u00ed, celoro\u010dn\u00ed pobytovou soci\u00e1ln\u00ed slu\u017ebu. T\u00fdm na\u0161ich pe\u010dovatel\u016f se ka\u017ed\u00fd den sna\u017e\u00ed o zaji\u0161t\u011bn\u00ed nejen celodenn\u00ed p\u00e9\u010de, ale i o ka\u017edodenn\u00ed individu\u00e1ln\u00ed p\u0159\u00edstup k&nbsp;na\u0161im klient\u016fm. V&nbsp;tuto chv\u00edli hled\u00e1me nov\u00e9 kolegy na pozici&nbsp;Pracovn\u00edk v&nbsp;soci\u00e1ln\u00edch&hellip;<\/p><p class=\"wp-block-post-excerpt__more-text\"><a class=\"wp-block-post-excerpt__more-link\" href=\"https:\/\/senior-home.cz\/tuchlovice\/pracovnik-v-socialnich-sluzbach-pecovatel-pecovatelka\/\">P\u0159e\u010dt\u011bte si v\u00edce<\/a><\/p><\/div>\n\n\n<hr class=\"wp-block-separator has-alpha-channel-opacity is-style-wide\"\/>\n\n<\/li><\/ul>\n\n\n\n<\/div>\n","protected":false},"excerpt":{"rendered":"<p>Zam\u011bstn\u00e1n\u00ed<\/p>\n","protected":false},"author":1,"featured_media":0,"parent":0,"menu_order":0,"comment_status":"closed","ping_status":"closed","template":"","meta":{"ngg_post_thumbnail":0,"_mc_calendar":[],"footnotes":""},"class_list":["post-50","page","type-page","status-publish","hentry"],"_links":{"self":[{"href":"https:\/\/senior-home.cz\/tuchlovice\/wp-json\/wp\/v2\/pages\/50","targetHints":{"allow":["GET"]}}],"collection":[{"href":"https:\/\/senior-home.cz\/tuchlovice\/wp-json\/wp\/v2\/pages"}],"about":[{"href":"https:\/\/senior-home.cz\/tuchlovice\/wp-json\/wp\/v2\/types\/page"}],"author":[{"embeddable":true,"href":"https:\/\/senior-home.cz\/tuchlovice\/wp-json\/wp\/v2\/users\/1"}],"replies":[{"embeddable":true,"href":"https:\/\/senior-home.cz\/tuchlovice\/wp-json\/wp\/v2\/comments?post=50"}],"version-history":[{"count":2,"href":"https:\/\/senior-home.cz\/tuchlovice\/wp-json\/wp\/v2\/pages\/50\/revisions"}],"predecessor-version":[{"id":62,"href":"https:\/\/senior-home.cz\/tuchlovice\/wp-json\/wp\/v2\/pages\/50\/revisions\/62"}],"wp:attachment":[{"href":"https:\/\/senior-home.cz\/tuchlovice\/wp-json\/wp\/v2\/media?parent=50"}],"curies":[{"name":"wp","href":"https:\/\/api.w.org\/{rel}","templated":true}]}}

Zaměstnání

<h2 class="wp-block-heading">Zaměstnání</h2>



<div class="wp-block-query is-layout-flow wp-block-query-is-layout-flow"><ul class="wp-block-post-template is-layout-flow wp-block-post-template-is-layout-flow"><li class="wp-block-post post-323 post type-post status-publish format-standard hentry category-zamestnani">
<h3 style="margin-top:var(--wp--preset--spacing--10);margin-bottom:var(--wp--preset--spacing--10);" class="has-link-color wp-elements-df524317f11b4e65415d24596363e017 wp-block-post-title"><a href="https://senior-home.cz/tuchlovice/323-2/" target="_self" >Kuchař/Kuchařka &#8211; Tuchlovice &#8211; Náborový příspěvek 200.000 Kč</a></h3>

<div class="has-link-color wp-elements-c9f4d7f6b5f7bcaba3e31aa18272e095 wp-block-post-excerpt"><p class="wp-block-post-excerpt__excerpt">Vaříte rádi? 😊 Tak tu máme práci přímo pro Vás. Do našeho domova v&nbsp;Tuchlovicích hledáme nové kolegy na pozici KUCHAŘ/KUCHAŘKA. Vyučení v&nbsp;oboru a praxe výhodou. Nabízíme práci na pracovní poměr. Pro více informací volejte na tel. 773&nbsp;833&nbsp;246 nebo pište na prace@senior-home.cz</p><p class="wp-block-post-excerpt__more-text"><a class="wp-block-post-excerpt__more-link" href="https://senior-home.cz/tuchlovice/323-2/">Přečtěte si více</a></p></div>


<hr class="wp-block-separator has-alpha-channel-opacity is-style-wide"/>

</li><li class="wp-block-post post-319 post type-post status-publish format-standard hentry category-zamestnani">
<h3 style="margin-top:var(--wp--preset--spacing--10);margin-bottom:var(--wp--preset--spacing--10);" class="has-link-color wp-elements-df524317f11b4e65415d24596363e017 wp-block-post-title"><a href="https://senior-home.cz/tuchlovice/uklizecka-pomocna-kucharka-v-tuchlovicich-brigada-%f0%9f%98%8a/" target="_self" >Pomocná kuchařka😊</a></h3>

<div class="has-link-color wp-elements-c9f4d7f6b5f7bcaba3e31aa18272e095 wp-block-post-excerpt"><p class="wp-block-post-excerpt__excerpt">Do našeho domova v Tuchlovicích přijmeme nové pracovníky na pozici Pomocná kuchařka. 😊 Pro více informací volejte na telefon 773 833 246.</p><p class="wp-block-post-excerpt__more-text"><a class="wp-block-post-excerpt__more-link" href="https://senior-home.cz/tuchlovice/uklizecka-pomocna-kucharka-v-tuchlovicich-brigada-%f0%9f%98%8a/">Přečtěte si více</a></p></div>


<hr class="wp-block-separator has-alpha-channel-opacity is-style-wide"/>

</li><li class="wp-block-post post-105 post type-post status-publish format-standard hentry category-zamestnani">
<h3 style="margin-top:var(--wp--preset--spacing--10);margin-bottom:var(--wp--preset--spacing--10);" class="has-link-color wp-elements-df524317f11b4e65415d24596363e017 wp-block-post-title"><a href="https://senior-home.cz/tuchlovice/fyzioterapeut/" target="_self" >Fyzioterapeut</a></h3>

<div class="has-link-color wp-elements-c9f4d7f6b5f7bcaba3e31aa18272e095 wp-block-post-excerpt"><p class="wp-block-post-excerpt__excerpt">V&nbsp;našem domově se zvláštním režimem poskytujeme seniorům celoroční pobytovou sociální službu. Naši klienti trpí různými druhy demencí, zejména pak Alzheimerovou nemocí. Rádi bychom rozšířili naše služby o možnost využití fyzioterapie, abychom mohli našim klientům poskytovat co nejlepší péči. V&nbsp;tuto chvíli hledáme&nbsp;Fyzioterapeuta/ku&nbsp;na provádění rehabilitační péče a fyzioterapie. Očekáváme vstřícný přístup ke&hellip;</p><p class="wp-block-post-excerpt__more-text"><a class="wp-block-post-excerpt__more-link" href="https://senior-home.cz/tuchlovice/fyzioterapeut/">Přečtěte si více</a></p></div>


<hr class="wp-block-separator has-alpha-channel-opacity is-style-wide"/>

</li><li class="wp-block-post post-103 post type-post status-publish format-standard hentry category-zamestnani">
<h3 style="margin-top:var(--wp--preset--spacing--10);margin-bottom:var(--wp--preset--spacing--10);" class="has-link-color wp-elements-df524317f11b4e65415d24596363e017 wp-block-post-title"><a href="https://senior-home.cz/tuchlovice/zdravotni-sestra/" target="_self" >Zdravotní sestra &#8211; Náborový příspěvek 250.000 Kč</a></h3>

<div class="has-link-color wp-elements-c9f4d7f6b5f7bcaba3e31aa18272e095 wp-block-post-excerpt"><p class="wp-block-post-excerpt__excerpt">V&nbsp;našem domově se zvláštním režimem poskytujeme seniorům, kteří trpí různými druhy demencí, zejména pak Alzheimerovou nemocí, celoroční pobytovou sociální službu. Tým našich zdravotních sester se každý den snaží o zajištění co nejlepší zdravotní péče. V&nbsp;tuto chvíli hledáme pracovníka na pozici&nbsp;Zdravotní sestra (všeobecná/praktická). Naše zdravotní sestry musí zvládnout velmi různorodé činnosti.&hellip;</p><p class="wp-block-post-excerpt__more-text"><a class="wp-block-post-excerpt__more-link" href="https://senior-home.cz/tuchlovice/zdravotni-sestra/">Přečtěte si více</a></p></div>


<hr class="wp-block-separator has-alpha-channel-opacity is-style-wide"/>

</li><li class="wp-block-post post-99 post type-post status-publish format-standard hentry category-zamestnani">
<h3 style="margin-top:var(--wp--preset--spacing--10);margin-bottom:var(--wp--preset--spacing--10);" class="has-link-color wp-elements-df524317f11b4e65415d24596363e017 wp-block-post-title"><a href="https://senior-home.cz/tuchlovice/pracovnik-v-socialnich-sluzbach-pecovatel-pecovatelka/" target="_self" >Pracovník v sociálních službách (pečovatel/pečovatelka) &#8211; Náborový příspěvek 250.000 Kč</a></h3>

<div class="has-link-color wp-elements-c9f4d7f6b5f7bcaba3e31aa18272e095 wp-block-post-excerpt"><p class="wp-block-post-excerpt__excerpt">V našem domově se zvláštním režimem Tuchlovice poskytujeme seniorům, kteří trpí různými druhy demencí, zejména pak Alzheimerovou nemocí, celoroční pobytovou sociální službu. Tým našich pečovatelů se každý den snaží o zajištění nejen celodenní péče, ale i o každodenní individuální přístup k&nbsp;našim klientům. V&nbsp;tuto chvíli hledáme nové kolegy na pozici&nbsp;Pracovník v&nbsp;sociálních&hellip;</p><p class="wp-block-post-excerpt__more-text"><a class="wp-block-post-excerpt__more-link" href="https://senior-home.cz/tuchlovice/pracovnik-v-socialnich-sluzbach-pecovatel-pecovatelka/">Přečtěte si více</a></p></div>


<hr class="wp-block-separator has-alpha-channel-opacity is-style-wide"/>

</li></ul>



</div>

<p>Zaměstnání</p>
